{"id":18791,"date":"2020-06-09T14:09:00","date_gmt":"2020-06-09T14:09:00","guid":{"rendered":"https:\/\/fjellheimengalleri.no\/product\/tree-warriors\/"},"modified":"2026-01-06T21:14:07","modified_gmt":"2026-01-06T21:14:07","slug":"jeg-gir-ikke-opp","status":"publish","type":"product","link":"https:\/\/fjellheimengalleri.no\/no\/produkt\/jeg-gir-ikke-opp\/","title":{"rendered":"Jeg gir ikke opp | Nordland"},"content":{"rendered":"","protected":false},"excerpt":{"rendered":"<p>Foto: Orsolya Haarberg<br \/>\nSted: Nordland<br \/>\n\u00c5r: 2018<\/p>\n<p>Tilgjengelig p\u00e5 Fabriano Printmaking Rag fine art papir (matt overflate) i f\u00f8lgende st\u00f8rrelser:<\/p>\n<ul>\n<li>30cm x 40cm | Opplag p\u00e5 30 (bilde nr. 2 i produkt galleriet)<\/li>\n<li>60cm x 80cm | Opplag p\u00e5 7 (bilde nr. 3. i produkt galleriet)<\/li>\n<\/ul>\n<p>Print montert p\u00e5 hvit skumplate, og innrammet i unik ramme av gammelt, resirkulert trevirke fra V\u00e5g\u00e5 (se illustrasjonsbilder i produkt galleriet). Bildet er levert med 70% UV antirefleks Artglass.<\/p>\n<p>Printene er nummerert og signert.<\/p>\n<p>Priser er inkl. kunstavgift til Bildende Kunstneres Hjelpefond.<\/p>\n","protected":false},"featured_media":20838,"template":"","meta":[],"product_brand":[],"product_cat":[354],"product_tag":[],"product-subject":[185,258],"product-season":[197],"product-exhibition":[],"product-theme":[],"product-colour":[261,204],"product-land":[329],"product-print-size":[],"class_list":{"0":"post-18791","1":"product","2":"type-product","3":"status-publish","4":"has-post-thumbnail","6":"product_cat-skog","7":"product_shipping_class-75x105x15","8":"product-subject-fjell","9":"product-subject-skog","10":"product-season-vinter","11":"product-colour-gra","12":"product-colour-hvit","13":"product-land-norge","14":"sales-flash-overlay","15":"woocommerce-text-align-center","16":"woocommerce-image-align-center","17":"do-quantity-buttons","18":"wc-has-gallery","20":"first","21":"instock","22":"shipping-taxable","23":"purchasable","24":"product-type-variable"},"yoast_head":"<!-- This site is optimized with the Yoast SEO plugin v27.5 - https:\/\/yoast.com\/product\/yoast-seo-wordpress\/ -->\n<title>Jeg gir ikke opp | Nordland - Fjellheimen Galleri<\/title>\n<meta name=\"description\" content=\"Fine art print i begrenset opplag\" \/>\n<meta name=\"robots\" content=\"index, follow, max-snippet:-1, max-image-preview:large, max-video-preview:-1\" \/>\n<link rel=\"canonical\" href=\"https:\/\/fjellheimengalleri.no\/no\/produkt\/jeg-gir-ikke-opp\/\" \/>\n<meta property=\"og:locale\" content=\"nb_NO\" \/>\n<meta property=\"og:type\" content=\"article\" \/>\n<meta property=\"og:title\" content=\"Jeg gir ikke opp\" \/>\n<meta property=\"og:description\" content=\"Fine art print i begrenset opplag\" \/>\n<meta property=\"og:url\" content=\"https:\/\/fjellheimengalleri.no\/no\/produkt\/jeg-gir-ikke-opp\/\" \/>\n<meta property=\"og:site_name\" content=\"Fjellheimen Galleri\" \/>\n<meta property=\"article:modified_time\" content=\"2026-01-06T21:14:07+00:00\" \/>\n<meta property=\"og:image\" content=\"https:\/\/fjellheimengalleri.no\/wp-content\/uploads\/2020\/06\/Jeg-gir-ikke-opp-700x525.jpg\" \/>\n<meta name=\"twitter:card\" content=\"summary_large_image\" \/>\n<meta name=\"twitter:label1\" content=\"Ansl. lesetid\" \/>\n\t<meta name=\"twitter:data1\" content=\"1 minutt\" \/>\n<script type=\"application\/ld+json\" class=\"yoast-schema-graph\">{\"@context\":\"https:\\\/\\\/schema.org\",\"@graph\":[{\"@type\":\"WebPage\",\"@id\":\"https:\\\/\\\/fjellheimengalleri.no\\\/no\\\/produkt\\\/jeg-gir-ikke-opp\\\/\",\"url\":\"https:\\\/\\\/fjellheimengalleri.no\\\/no\\\/produkt\\\/jeg-gir-ikke-opp\\\/\",\"name\":\"Jeg gir ikke opp | Nordland - Fjellheimen Galleri\",\"isPartOf\":{\"@id\":\"https:\\\/\\\/fjellheimengalleri.no\\\/no\\\/#website\"},\"primaryImageOfPage\":{\"@id\":\"https:\\\/\\\/fjellheimengalleri.no\\\/no\\\/produkt\\\/jeg-gir-ikke-opp\\\/#primaryimage\"},\"image\":{\"@id\":\"https:\\\/\\\/fjellheimengalleri.no\\\/no\\\/produkt\\\/jeg-gir-ikke-opp\\\/#primaryimage\"},\"thumbnailUrl\":\"https:\\\/\\\/fjellheimengalleri.no\\\/wp-content\\\/uploads\\\/2020\\\/06\\\/Jeg-gir-ikke-opp.jpg\",\"datePublished\":\"2020-06-09T14:09:00+00:00\",\"dateModified\":\"2026-01-06T21:14:07+00:00\",\"description\":\"Fine art print i begrenset opplag\",\"breadcrumb\":{\"@id\":\"https:\\\/\\\/fjellheimengalleri.no\\\/no\\\/produkt\\\/jeg-gir-ikke-opp\\\/#breadcrumb\"},\"inLanguage\":\"nb-NO\",\"potentialAction\":[{\"@type\":\"ReadAction\",\"target\":[\"https:\\\/\\\/fjellheimengalleri.no\\\/no\\\/produkt\\\/jeg-gir-ikke-opp\\\/\"]}]},{\"@type\":\"ImageObject\",\"inLanguage\":\"nb-NO\",\"@id\":\"https:\\\/\\\/fjellheimengalleri.no\\\/no\\\/produkt\\\/jeg-gir-ikke-opp\\\/#primaryimage\",\"url\":\"https:\\\/\\\/fjellheimengalleri.no\\\/wp-content\\\/uploads\\\/2020\\\/06\\\/Jeg-gir-ikke-opp.jpg\",\"contentUrl\":\"https:\\\/\\\/fjellheimengalleri.no\\\/wp-content\\\/uploads\\\/2020\\\/06\\\/Jeg-gir-ikke-opp.jpg\",\"width\":1500,\"height\":1125,\"caption\":\"Jeg gir ikke opp\"},{\"@type\":\"BreadcrumbList\",\"@id\":\"https:\\\/\\\/fjellheimengalleri.no\\\/no\\\/produkt\\\/jeg-gir-ikke-opp\\\/#breadcrumb\",\"itemListElement\":[{\"@type\":\"ListItem\",\"position\":1,\"name\":\"Home\",\"item\":\"https:\\\/\\\/fjellheimengalleri.no\\\/no\\\/\"},{\"@type\":\"ListItem\",\"position\":2,\"name\":\"Velkommen til Fjellheimen galleri!\",\"item\":\"https:\\\/\\\/fjellheimengalleri.no\\\/no\\\/shop\\\/\"},{\"@type\":\"ListItem\",\"position\":3,\"name\":\"Jeg gir ikke opp | Nordland\"}]},{\"@type\":\"WebSite\",\"@id\":\"https:\\\/\\\/fjellheimengalleri.no\\\/no\\\/#website\",\"url\":\"https:\\\/\\\/fjellheimengalleri.no\\\/no\\\/\",\"name\":\"Fjellheimen Galleri\",\"description\":\"PRISBEL\u00d8NTE FOTOGRAFIER OG H\u00c5NDLAGEDE BILDERAMMER AV GAMMELT TREVERK FRA DEN NORSKE FJELLHEIMEN, OG MER!\",\"publisher\":{\"@id\":\"https:\\\/\\\/fjellheimengalleri.no\\\/no\\\/#organization\"},\"potentialAction\":[{\"@type\":\"SearchAction\",\"target\":{\"@type\":\"EntryPoint\",\"urlTemplate\":\"https:\\\/\\\/fjellheimengalleri.no\\\/no\\\/?s={search_term_string}\"},\"query-input\":{\"@type\":\"PropertyValueSpecification\",\"valueRequired\":true,\"valueName\":\"search_term_string\"}}],\"inLanguage\":\"nb-NO\"},{\"@type\":\"Organization\",\"@id\":\"https:\\\/\\\/fjellheimengalleri.no\\\/no\\\/#organization\",\"name\":\"Fjellheimen Galleri\",\"url\":\"https:\\\/\\\/fjellheimengalleri.no\\\/no\\\/\",\"logo\":{\"@type\":\"ImageObject\",\"inLanguage\":\"nb-NO\",\"@id\":\"https:\\\/\\\/fjellheimengalleri.no\\\/no\\\/#\\\/schema\\\/logo\\\/image\\\/\",\"url\":\"https:\\\/\\\/fjellheimengalleri.no\\\/wp-content\\\/uploads\\\/2026\\\/02\\\/cropped-Logo_Bla_fjellheimen_galleri-1.png\",\"contentUrl\":\"https:\\\/\\\/fjellheimengalleri.no\\\/wp-content\\\/uploads\\\/2026\\\/02\\\/cropped-Logo_Bla_fjellheimen_galleri-1.png\",\"width\":769,\"height\":473,\"caption\":\"Fjellheimen Galleri\"},\"image\":{\"@id\":\"https:\\\/\\\/fjellheimengalleri.no\\\/no\\\/#\\\/schema\\\/logo\\\/image\\\/\"}}]}<\/script>\n<!-- \/ Yoast SEO plugin. -->","yoast_head_json":{"title":"Jeg gir ikke opp | Nordland - Fjellheimen Galleri","description":"Fine art print i begrenset opplag","robots":{"index":"index","follow":"follow","max-snippet":"max-snippet:-1","max-image-preview":"max-image-preview:large","max-video-preview":"max-video-preview:-1"},"canonical":"https:\/\/fjellheimengalleri.no\/no\/produkt\/jeg-gir-ikke-opp\/","og_locale":"nb_NO","og_type":"article","og_title":"Jeg gir ikke opp","og_description":"Fine art print i begrenset opplag","og_url":"https:\/\/fjellheimengalleri.no\/no\/produkt\/jeg-gir-ikke-opp\/","og_site_name":"Fjellheimen Galleri","article_modified_time":"2026-01-06T21:14:07+00:00","og_image":[{"url":"https:\/\/fjellheimengalleri.no\/wp-content\/uploads\/2020\/06\/Jeg-gir-ikke-opp-700x525.jpg","type":"","width":"","height":""}],"twitter_card":"summary_large_image","twitter_misc":{"Ansl. lesetid":"1 minutt"},"schema":{"@context":"https:\/\/schema.org","@graph":[{"@type":"WebPage","@id":"https:\/\/fjellheimengalleri.no\/no\/produkt\/jeg-gir-ikke-opp\/","url":"https:\/\/fjellheimengalleri.no\/no\/produkt\/jeg-gir-ikke-opp\/","name":"Jeg gir ikke opp | Nordland - Fjellheimen Galleri","isPartOf":{"@id":"https:\/\/fjellheimengalleri.no\/no\/#website"},"primaryImageOfPage":{"@id":"https:\/\/fjellheimengalleri.no\/no\/produkt\/jeg-gir-ikke-opp\/#primaryimage"},"image":{"@id":"https:\/\/fjellheimengalleri.no\/no\/produkt\/jeg-gir-ikke-opp\/#primaryimage"},"thumbnailUrl":"https:\/\/fjellheimengalleri.no\/wp-content\/uploads\/2020\/06\/Jeg-gir-ikke-opp.jpg","datePublished":"2020-06-09T14:09:00+00:00","dateModified":"2026-01-06T21:14:07+00:00","description":"Fine art print i begrenset opplag","breadcrumb":{"@id":"https:\/\/fjellheimengalleri.no\/no\/produkt\/jeg-gir-ikke-opp\/#breadcrumb"},"inLanguage":"nb-NO","potentialAction":[{"@type":"ReadAction","target":["https:\/\/fjellheimengalleri.no\/no\/produkt\/jeg-gir-ikke-opp\/"]}]},{"@type":"ImageObject","inLanguage":"nb-NO","@id":"https:\/\/fjellheimengalleri.no\/no\/produkt\/jeg-gir-ikke-opp\/#primaryimage","url":"https:\/\/fjellheimengalleri.no\/wp-content\/uploads\/2020\/06\/Jeg-gir-ikke-opp.jpg","contentUrl":"https:\/\/fjellheimengalleri.no\/wp-content\/uploads\/2020\/06\/Jeg-gir-ikke-opp.jpg","width":1500,"height":1125,"caption":"Jeg gir ikke opp"},{"@type":"BreadcrumbList","@id":"https:\/\/fjellheimengalleri.no\/no\/produkt\/jeg-gir-ikke-opp\/#breadcrumb","itemListElement":[{"@type":"ListItem","position":1,"name":"Home","item":"https:\/\/fjellheimengalleri.no\/no\/"},{"@type":"ListItem","position":2,"name":"Velkommen til Fjellheimen galleri!","item":"https:\/\/fjellheimengalleri.no\/no\/shop\/"},{"@type":"ListItem","position":3,"name":"Jeg gir ikke opp | Nordland"}]},{"@type":"WebSite","@id":"https:\/\/fjellheimengalleri.no\/no\/#website","url":"https:\/\/fjellheimengalleri.no\/no\/","name":"Fjellheimen Galleri","description":"PRISBEL\u00d8NTE FOTOGRAFIER OG H\u00c5NDLAGEDE BILDERAMMER AV GAMMELT TREVERK FRA DEN NORSKE FJELLHEIMEN, OG MER!","publisher":{"@id":"https:\/\/fjellheimengalleri.no\/no\/#organization"},"potentialAction":[{"@type":"SearchAction","target":{"@type":"EntryPoint","urlTemplate":"https:\/\/fjellheimengalleri.no\/no\/?s={search_term_string}"},"query-input":{"@type":"PropertyValueSpecification","valueRequired":true,"valueName":"search_term_string"}}],"inLanguage":"nb-NO"},{"@type":"Organization","@id":"https:\/\/fjellheimengalleri.no\/no\/#organization","name":"Fjellheimen Galleri","url":"https:\/\/fjellheimengalleri.no\/no\/","logo":{"@type":"ImageObject","inLanguage":"nb-NO","@id":"https:\/\/fjellheimengalleri.no\/no\/#\/schema\/logo\/image\/","url":"https:\/\/fjellheimengalleri.no\/wp-content\/uploads\/2026\/02\/cropped-Logo_Bla_fjellheimen_galleri-1.png","contentUrl":"https:\/\/fjellheimengalleri.no\/wp-content\/uploads\/2026\/02\/cropped-Logo_Bla_fjellheimen_galleri-1.png","width":769,"height":473,"caption":"Fjellheimen Galleri"},"image":{"@id":"https:\/\/fjellheimengalleri.no\/no\/#\/schema\/logo\/image\/"}}]}},"_links":{"self":[{"href":"https:\/\/fjellheimengalleri.no\/no\/wp-json\/wp\/v2\/product\/18791","targetHints":{"allow":["GET"]}}],"collection":[{"href":"https:\/\/fjellheimengalleri.no\/no\/wp-json\/wp\/v2\/product"}],"about":[{"href":"https:\/\/fjellheimengalleri.no\/no\/wp-json\/wp\/v2\/types\/product"}],"wp:featuredmedia":[{"embeddable":true,"href":"https:\/\/fjellheimengalleri.no\/no\/wp-json\/wp\/v2\/media\/20838"}],"wp:attachment":[{"href":"https:\/\/fjellheimengalleri.no\/no\/wp-json\/wp\/v2\/media?parent=18791"}],"wp:term":[{"taxonomy":"product_brand","embeddable":true,"href":"https:\/\/fjellheimengalleri.no\/no\/wp-json\/wp\/v2\/product_brand?post=18791"},{"taxonomy":"product_cat","embeddable":true,"href":"https:\/\/fjellheimengalleri.no\/no\/wp-json\/wp\/v2\/product_cat?post=18791"},{"taxonomy":"product_tag","embeddable":true,"href":"https:\/\/fjellheimengalleri.no\/no\/wp-json\/wp\/v2\/product_tag?post=18791"},{"taxonomy":"product-subject","embeddable":true,"href":"https:\/\/fjellheimengalleri.no\/no\/wp-json\/wp\/v2\/product-subject?post=18791"},{"taxonomy":"product-season","embeddable":true,"href":"https:\/\/fjellheimengalleri.no\/no\/wp-json\/wp\/v2\/product-season?post=18791"},{"taxonomy":"product-exhibition","embeddable":true,"href":"https:\/\/fjellheimengalleri.no\/no\/wp-json\/wp\/v2\/product-exhibition?post=18791"},{"taxonomy":"product-theme","embeddable":true,"href":"https:\/\/fjellheimengalleri.no\/no\/wp-json\/wp\/v2\/product-theme?post=18791"},{"taxonomy":"product-colour","embeddable":true,"href":"https:\/\/fjellheimengalleri.no\/no\/wp-json\/wp\/v2\/product-colour?post=18791"},{"taxonomy":"product-land","embeddable":true,"href":"https:\/\/fjellheimengalleri.no\/no\/wp-json\/wp\/v2\/product-land?post=18791"},{"taxonomy":"product-print-size","embeddable":true,"href":"https:\/\/fjellheimengalleri.no\/no\/wp-json\/wp\/v2\/product-print-size?post=18791"}],"curies":[{"name":"wp","href":"https:\/\/api.w.org\/{rel}","templated":true}]}}

<p>Foto: Orsolya Haarberg<br />
Sted: Nordland<br />
År: 2018</p>
<p>Tilgjengelig på Fabriano Printmaking Rag fine art papir (matt overflate) i følgende størrelser:</p>
<ul>
<li>30cm x 40cm | Opplag på 30 (bilde nr. 2 i produkt galleriet)</li>
<li>60cm x 80cm | Opplag på 7 (bilde nr. 3. i produkt galleriet)</li>
</ul>
<p>Print montert på hvit skumplate, og innrammet i unik ramme av gammelt, resirkulert trevirke fra Vågå (se illustrasjonsbilder i produkt galleriet). Bildet er levert med 70% UV antirefleks Artglass.</p>
<p>Printene er nummerert og signert.</p>
<p>Priser er inkl. kunstavgift til Bildende Kunstneres Hjelpefond.</p>

<!-- This site is optimized with the Yoast SEO plugin v27.5 - https://yoast.com/product/yoast-seo-wordpress/ -->
<title>Jeg gir ikke opp | Nordland - Fjellheimen Galleri</title>
<meta name="description" content="Fine art print i begrenset opplag" />
<meta name="robots" content="index, follow, max-snippet:-1, max-image-preview:large, max-video-preview:-1" />
<link rel="canonical" href="https://fjellheimengalleri.no/no/produkt/jeg-gir-ikke-opp/" />
<meta property="og:locale" content="nb_NO" />
<meta property="og:type" content="article" />
<meta property="og:title" content="Jeg gir ikke opp" />
<meta property="og:description" content="Fine art print i begrenset opplag" />
<meta property="og:url" content="https://fjellheimengalleri.no/no/produkt/jeg-gir-ikke-opp/" />
<meta property="og:site_name" content="Fjellheimen Galleri" />
<meta property="article:modified_time" content="2026-01-06T21:14:07+00:00" />
<meta property="og:image" content="https://fjellheimengalleri.no/wp-content/uploads/2020/06/Jeg-gir-ikke-opp-700x525.jpg" />
<meta name="twitter:card" content="summary_large_image" />
<meta name="twitter:label1" content="Ansl. lesetid" />
	<meta name="twitter:data1" content="1 minutt" />
<script type="application/ld+json" class="yoast-schema-graph">{"@context":"https:\/\/schema.org","@graph":[{"@type":"WebPage","@id":"https:\/\/fjellheimengalleri.no\/no\/produkt\/jeg-gir-ikke-opp\/","url":"https:\/\/fjellheimengalleri.no\/no\/produkt\/jeg-gir-ikke-opp\/","name":"Jeg gir ikke opp | Nordland - Fjellheimen Galleri","isPartOf":{"@id":"https:\/\/fjellheimengalleri.no\/no\/#website"},"primaryImageOfPage":{"@id":"https:\/\/fjellheimengalleri.no\/no\/produkt\/jeg-gir-ikke-opp\/#primaryimage"},"image":{"@id":"https:\/\/fjellheimengalleri.no\/no\/produkt\/jeg-gir-ikke-opp\/#primaryimage"},"thumbnailUrl":"https:\/\/fjellheimengalleri.no\/wp-content\/uploads\/2020\/06\/Jeg-gir-ikke-opp.jpg","datePublished":"2020-06-09T14:09:00+00:00","dateModified":"2026-01-06T21:14:07+00:00","description":"Fine art print i begrenset opplag","breadcrumb":{"@id":"https:\/\/fjellheimengalleri.no\/no\/produkt\/jeg-gir-ikke-opp\/#breadcrumb"},"inLanguage":"nb-NO","potentialAction":[{"@type":"ReadAction","target":["https:\/\/fjellheimengalleri.no\/no\/produkt\/jeg-gir-ikke-opp\/"]}]},{"@type":"ImageObject","inLanguage":"nb-NO","@id":"https:\/\/fjellheimengalleri.no\/no\/produkt\/jeg-gir-ikke-opp\/#primaryimage","url":"https:\/\/fjellheimengalleri.no\/wp-content\/uploads\/2020\/06\/Jeg-gir-ikke-opp.jpg","contentUrl":"https:\/\/fjellheimengalleri.no\/wp-content\/uploads\/2020\/06\/Jeg-gir-ikke-opp.jpg","width":1500,"height":1125,"caption":"Jeg gir ikke opp"},{"@type":"BreadcrumbList","@id":"https:\/\/fjellheimengalleri.no\/no\/produkt\/jeg-gir-ikke-opp\/#breadcrumb","itemListElement":[{"@type":"ListItem","position":1,"name":"Home","item":"https:\/\/fjellheimengalleri.no\/no\/"},{"@type":"ListItem","position":2,"name":"Velkommen til Fjellheimen galleri!","item":"https:\/\/fjellheimengalleri.no\/no\/shop\/"},{"@type":"ListItem","position":3,"name":"Jeg gir ikke opp | Nordland"}]},{"@type":"WebSite","@id":"https:\/\/fjellheimengalleri.no\/no\/#website","url":"https:\/\/fjellheimengalleri.no\/no\/","name":"Fjellheimen Galleri","description":"PRISBELØNTE FOTOGRAFIER OG HÅNDLAGEDE BILDERAMMER AV GAMMELT TREVERK FRA DEN NORSKE FJELLHEIMEN, OG MER!","publisher":{"@id":"https:\/\/fjellheimengalleri.no\/no\/#organization"},"potentialAction":[{"@type":"SearchAction","target":{"@type":"EntryPoint","urlTemplate":"https:\/\/fjellheimengalleri.no\/no\/?s={search_term_string}"},"query-input":{"@type":"PropertyValueSpecification","valueRequired":true,"valueName":"search_term_string"}}],"inLanguage":"nb-NO"},{"@type":"Organization","@id":"https:\/\/fjellheimengalleri.no\/no\/#organization","name":"Fjellheimen Galleri","url":"https:\/\/fjellheimengalleri.no\/no\/","logo":{"@type":"ImageObject","inLanguage":"nb-NO","@id":"https:\/\/fjellheimengalleri.no\/no\/#\/schema\/logo\/image\/","url":"https:\/\/fjellheimengalleri.no\/wp-content\/uploads\/2026\/02\/cropped-Logo_Bla_fjellheimen_galleri-1.png","contentUrl":"https:\/\/fjellheimengalleri.no\/wp-content\/uploads\/2026\/02\/cropped-Logo_Bla_fjellheimen_galleri-1.png","width":769,"height":473,"caption":"Fjellheimen Galleri"},"image":{"@id":"https:\/\/fjellheimengalleri.no\/no\/#\/schema\/logo\/image\/"}}]}</script>
<!-- / Yoast SEO plugin. -->

PRISBELØNTE FOTOGRAFIER OG HÅNDLAGEDE BILDERAMMER AV GAMMELT TREVERK FRA DEN NORSKE FJELLHEIMEN, OG MER!
